e c(0).
-7
Let p(x) = x**3 - 3*x**2 - 2*x - 6. Determine p(5).
34
Let h(j) = -j**3 + 54*j + 26. What is h(-7)?
-9
Let j(t) = -t**2 + 30*t + 67. Determine j(32).
3
Let z(n) = -n**3 - 9*n**2 - 7*n - 11. Determine z(-8).
-19
Let r(c) = -c**2 + 3*c - 8. Give r(4).
-12
Let u(y) = y**3 + 16*y**2 + 37*y - 30. Calculate u(-13).
-4
Let s(t) = t**3 - 9*t**2 - 19*t - 30. Give s(11).
3
Let l(u) = u**3 + 7*u**2 + 3*u + 17. What is l(-7)?
-4
Let a(l) = l**3 + l**2 - 3*l - 6. Calculate a(2).
0
Let t(m) = -m**3 + m**2 + 3*m + 2. Determine t(4).
-34
Let a(f) = -f**2 - 6*f - 1. Calculate a(-3).
8
Let r(z) = 9*z**2 - 4*z. Determine r(-1).
13
Let s(b) = -b**3 + 4*b**2 - 3*b. What is s(2)?
2
Let p(z) = -2*z + 17. Give p(-17).
51
Let w(n) = -4*n**2 - 2*n + 3. Give w(-1).
1
Let j(a) = -2*a**2 + 6*a + 2. What is j(-4)?
-54
Let b(l) = -l**3 - 12*l**2 + 22. Give b(-11).
-99
Let d(u) = -2*u**2 + 11*u + 8. Calculate d(9).
-55
Let u(x) = -x**3 - 24*x**2 + 19*x - 167. Determine u(-25).
-17
Let s(o) = -9*o + 9. What is s(8)?
-63
Let z(p) = p**2 + 14*p + 19. What is z(-15)?
34
Let d(t) = -7*t**3 - 2*t**2 + 24*t - 23. Determine d(1).
-8
Let k(s) = -s**2 + 14*s + 80. Give k(18).
8
Let c(t) = 6*t**2 + 3*t + 6. Give c(-2).
24
Let r(n) = -12*n - 569. Determine r(-48).
7
Let i(m) = -m**3 - 9*m**2 + 10*m - 8. Determine i(-10).
-8
Let y(i) = -5*i + 6. Give y(-5).
31
Let i(c) = 2*c**3 + 2*c**2 - 3. Give i(-2).
-11
Let s(m) = -58*m**3 + 2*m - 2. Determine s(1).
-58
Let b(a) = -3*a - 6. Give b(0).
-6
Let o(z) = z**3 - 4*z**2 + 5*z - 22. Give o(4).
-2
Let y(s) = -2*s**2 - 15*s + 3. Calculate y(-7).
10
Let r(t) = t**3 - 7*t**2 - t + 40. Determine r(7).
33
Let j(h) = -5*h**3 - 2*h**2 + 2*h + 1. Determine j(-2).
29
Let t(i) = -5*i**3 - i**2 - 3*i - 1. Determine t(-1).
6
Let t(h) = h**3 + 24*h**2 + 43*h + 51. Calculate t(-22).
73
Let l(x) = 4*x**2 + 3*x + 1. Calculate l(-4).
53
Let z(v) = 18*v + 2. Calculate z(-1).
-16
Let p(b) = -b + 14. Determine p(8).
6
Let h(x) = -14*x + 1. Give h(1).
-13
Let c(j) = 24*j + 14. What is c(0)?
14
Let u(h) = -h**2 + 5*h - 6. What is u(7)?
-20
Let q(j) = 3*j + 14. Calculate q(-4).
2
Let q(o) = -o**2 + 11*o - 3. Give q(8).
21
Let y(t) = -6*t + 4. What is y(8)?
-44
Let q(f) = -2*f - 28. Determine q(0).
-28
Let p(s) = -s**3 + 7*s**2 + 24*s - 41. Calculate p(9).
13
Let x(f) = f - 4. Calculate x(0).
-4
Let q(n) = -n**2 - 9*n + 12. What is q(-10)?
2
Let t(f) = -f**3 - 3*f**2 + 4*f + 1. What is t(3)?
-41
Let x(a) = 31*a**3 + a**2 - 3*a + 1. Calculate x(1).
30
Let d(o) = -3*o**3 - 17*o**2 - 4*o + 35. Calculate d(-5).
5
Let s(r) = -48*r - 1436. Determine s(-30).
4
Let q(x) = x**3 + 4*x**2 - x - 5. Calculate q(-5).
-25
Let j(u) = -3*u**2 - u + 4. Give j(-2).
-6
Let z(g) = -g**2 - 20*g - 89. Determine z(-12).
7
Let m(y) = 4*y**2 - 12*y + 7. What is m(3)?
7
Let i(o) = -o**3 - 5*o**2 + 4*o + 40. What is i(-4)?
8
Let c(y) = -4*y - 48. Determine c(-5).
-28
Let i(l) = 21*l**3 - 2*l**2 + 2*l - 1. Calculate i(1).
20
Let j(k) = -k**2 - 19*k - 140. What is j(-14)?
-70
Let q(j) = j**3 - 8*j**2 + 2*j + 10. Give q(7).
-25
Let w(u) = -u**2 - 9*u - 11. Give w(-9).
-11
Let s(d) = -d**2 - 18*d - 40. What is s(-16)?
-8
Let c(m) = -4*m**3 + 3*m**2 - m - 1. Give c(2).
-23
Let y(o) = o - 8. Give y(7).
-1
Let m(g) = -g**3 - 9*g**2 + 15*g + 41. Give m(-10).
-9
Let k(d) = -d - 45. What is k(0)?
-45
Let p(k) = 4*k + 72. Determine p(-19).
-4
Let h(v) = 5*v - 38. Determine h(9).
7
Let u(f) = -5*f + 17. Calculate u(5).
-8
Let h(x) = x**2 + 23*x + 87. Give h(-14).
-39
Let f(n) = -n**3 + 13*n**2 - 20*n - 24. Determine f(11).
-2
Let u(z) = 8*z - 159. Give u(19).
-7
Let q(d) = -d**3 + 2*d**2 + 4*d - 3. Determine q(-2).
5
Let g(v) = -v**2 - 7*v + 21. What is g(-9)?
3
Let o(n) = 7*n**2 + n + 2. Give o(2).
32
Let x(w) = w**2 - w - 16. Determine x(-5).
14
Let n(m) = m**2 - m - 1. What is n(0)?
-1
Let w(t) = t**3 + 11*t**2 + 13*t + 10. What is w(-9)?
55
Let n(d) = 5*d. Determine n(-1).
-5
Let h(r) = -r**3 - 2*r**2 - 2*r + 2. Calculate h(2).
-18
Let v(g) = 2*g**2 - 14*g - 62. Calculate v(-4).
26
Let d(s) = -s**2 + 11*s - 36. Give d(10).
-26
Let z(i) = 12*i + 4. What is z(4)?
52
Let n(f) = -f**3 + 6*f**2 + 4*f - 5. Calculate n(7).
-26
Let y(b) = -b**3 + 14*b**2 - 16*b - 8. Calculate y(12).
88
Let t(g) = -2*g**2 - 23*g - 13. Determine t(-11).
-2
Let p(h) = 2*h**2 + 5*h - 2. Give p(3).
31
Let f(x) = 7*x + 60. Give f(-12).
-24
Let q(d) = 33*d**2 - 2*d - 1. Determine q(-1).
34
Let y(z) = 11*z - 103. Determine y(10).
7
Let y(o) = -o**3 + 2*o**2 - 12*o + 12. Determine y(5).
-123
Let h(z) = 2*z**2 + 35*z - 9. Determine h(-18).
9
Let s(u) = -u**3 + u**2 + u - 12. Give s(0).
-12
Let h(o) = -o**3 - 12*o**2 + 29*o + 21. Determine h(-14).
7
Let r(b) = 14*b - 34. Calculate r(5).
36
Let v(j) = -j**2 + 19*j - 97. Calculate v(7).
-13
Let v(a) = a**2 - 10. Determine v(0).
-10
Let x(l) = 2*l**3 + 4*l**2 + 5*l + 2. Give x(-1).
-1
Let w(d) = d**2 - 9*d + 12. Calculate w(5).
-8
Let a(o) = o**3 + 18*o**2 + 16*o - 13. Calculate a(-17).
4
Let y(s) = -s**2 + 20. Determine y(0).
20
Let n(t) = -3*t + 24. Calculate n(10).
-6
Let y(r) = -6*r + 51. Give y(8).
3
Let u(y) = 36*y**3 + 7*y**2 - 4*y - 1. Determine u(1).
38
Let u(b) = -8*b - 55. Calculate u(-8).
9
Let w(m) = -m**3 - 10*m**2 - 7*m - 76. Calculate w(-10).
-6
Let g(n) = n**3 - 143*n + 20. Determine g(-12).
8
Let y(r) = 37*r**2 + 5*r + 3. Determine y(-2).
141
Let w(t) = -t**2 - 12*t + 4. Determine w(6).
-104
Let v(k) = k**3 + 3*k**2 + 2*k - 5. What is v(2)?
19
Let a(l) = 2*l**3 - 42*l**2 + 39*l + 18. Determine a(20).
-2
Let a(n) = n**3 + 22*n**2 + 22*n - 21. Calculate a(-21).
-42
Let o(k) = -k**2 + 21*k - 10. Determine o(0).
-10
Let a(o) = -6*o**3 + 3*o**2 - 3*o + 3. Determine a(2).
-39
Let p(a) = -2*a**2 - 38*a + 5. Calculate p(-19).
5
Let g(i) = -i**2 + 5*i + 7. What is g(6)?
1
Let u(f) = f**2 + 2*f - 3. Give u(-5).
12
Let g(q) = 2*q**2 - 18*q - 22. Give g(10).
-2
Let q(b) = b**3 + 4*b**2 + 6*b + 5. Calculate q(-4).
-19
Let q(j) = -7*j**2 - 13*j + 13. Determine q(1).
-7
Let d(p) = -p**3 - 4*p**2 - 2*p - 4. Determine d(-2).
-8
Let v(s) = -3*s - 36. Give v(5).
-51
Let j(c) = -38*c + 21. Give j(3).
-93
Let j(s) = 9*s + 41. Determine j(-5).
-4
Let b(v) = -v**3 - 15*v**2 + v + 24. What is b(-15)?
9
Let h(t) = -t**2 - 23*t + 22. Determine h(-25).
-28
Let y(m) = -19*m - 39. Calculate y(-3).
18
Let s(p) = -5*p**3 + 4*p**2 - 2*p - 1. Calculate s(2).
-29
Let p(w) = -w - 6. Give p(-6).
0
Let y(z) = 6*z + 87. Give y(-14).
3
Let k(l) = 9*l - 452. Calculate k(50).
-2
Let x(o) = o + 56. Give x(-12).
44
Let z(g) = g**3 - 7*g**2 - 5*g - 18. Give z(8).
6
Let n(o) = -4*o**3 - 4*o**2 + 2*o + 3. What is n(-3)?
69
Let u(w) = 17*w - 6. Give u(-3).
-57
Let x(i) = 23*i - 109. What is x(4)?
-17
Let s(k) = 5*k**3 - 3*k + 1. What is s(2)?
35
Let s(o) = -o**3 - 21*o**2 + 26*o + 24. Determine s(-22).
-64
Let y(i) = 3*i + 7. Give y(-11).
-26
Let t(m) = -7*m - 23. What is t(-7)?
26
Let a(c) = c**3 + 7*c**2 + 4*c + 7. What is a(-6)?
19
Let f(s) = -2*s**2 - 8*s + 4. Determine f(-5).
-6
Let w(h) = h**3 - h**2 - 7*h + 7. Give w(2).
-3
Let c(a) = a + 7. What is c(-5)?
2
Let p(k) = -k**3 - 6*k**2 + 9*k + 5. Determine p(-7).
-9
Let z(p) = -p**3 - 13*p**2 - 21*p - 2. Calculate z(-11).
-13
Let s(g) = 3*g - 28. What is s(17)?
23
Let w(p) = p + 50. Determine w(33).
83
Let h(g) = 2*g**2 - 3. What is h(3)?
15
Let u(v) = -5*v - 42. What is u(-7)?
-7
Let m(v) = -v**2 - 2*v - 10. What is m(-7)?
-45
Let z(i) = -i**2 - 11*i - 29. Give z(-6).
1
Let d(q) = -6*q + 5. Determine d(2).
-7
Let v(q) = -q**2 - 12*q - 37. Calculate v(-9).
-10
Let z(w) = -9*w**2 + 19*w - 3. Give z(2).
-1
Let q(o) = 12*o**2 - o + 2. What is q(1)?
13
Let q(s) = -14*s - 26. What is q(-3)?
16
Let n(f) = f + 9. What is n(-10)?
-1
Let s(r) = 23*r + 3. Calculate s(-3).
-66
Let b(w) = -5*w + 11. Determine b(2).
1
Let v(a) = -4*a - 38. Calculate v(-11).
6
Let h(k) = 7*k**3 - k**2 + 5*k - 7. Determine h(1).
4
Let n(i) = -i**3 - 8*i**2 + 12*i + 21. What is n(-9)?
-6
Let p(h) = -h**3 - 11*h**2 + h + 6. Give p(-11).
-5
Let c(k) = k**3 + 14*k**2 + 12*k - 2. Give c(-13).
11
Let s(d) = -2*d. Give s(-7).
14
Let k(h) = -h**2 - 5*h + 4. Give k(3).
-20
Let y(x) = -x**3 + 15*x**2 - 12. Determine y(15).
-12
Let w(f) = -f**2 + 3*f + 3. Calculate w(5).
-7
Let r(i) = -i**2